{"id":70,"date":"2010-09-24T19:48:47","date_gmt":"2010-09-24T19:48:47","guid":{"rendered":"http:\/\/trafikcity.weblog.mur.at\/?page_id=70"},"modified":"2010-10-25T15:47:12","modified_gmt":"2010-10-25T15:47:12","slug":"trafik-1-andrea","status":"publish","type":"page","link":"https:\/\/trafikcity.net\/?page_id=70","title":{"rendered":"Trafik 3: Andrea O. 26, Studentin"},"content":{"rendered":"<p><!-- p { margin-bottom: 0.21cm; } -->In der Vorlesungszeit f\u00e4hrt Andrea beinahe t\u00e4glich mit dem Fahrrad von ihrer Wohnung in der Feldgasse \u00fcber ein kurzes St\u00fcck der Vinzenz-Muchitsch-Stra\u00dfe und der Kapellenstra\u00dfe zur stark befahrenen Kreuzung an der Triester Stra\u00dfe, quert diese und setzt ihren Weg \u00fcber die T\u00e4ndelwiese und sp\u00e4ter vorbei am Schlachthof fort. Nach f\u00fcnf Minuten passiert sie den Augarten, \u00fcberquert den zentralen Grazer Verkehrsknotenpunkt Jakominiplatz und gelangt schlie\u00dflich \u00fcber den Glacis zur im Grazer Stadtteil Geidorf gelegenen Karl-Franzens-Universit\u00e4t. Auf dem R\u00fcckweg macht sie einen Halt bei der Trafik in der Vinzenz-Muchitsch-Stra\u00dfe, wenn sie f\u00fcr ihre Mutter neue Magazine besorgen soll. Da Andrea Nichtraucherin ist, kommt sie sonst eher selten in die Trafik.<\/p>\n<p><strong>Feldgasse und Sporgasse \/ 2007 bis heute<\/strong><br \/>\nAndrea wohnt bei ihren Eltern in der Feldgasse, in einem siebenst\u00f6ckigen Haus mit einem markanten, wuchtig wirkenden schwarzen Dach. Hier verbringt Andrea jedoch nur drei bis vier Tage in der Woche, die restliche Zeit ist sie bei ihrem Freund, der vor kurzem eine kleine Wohnung in einem Altbau in der Innenstadt, am oberen Ende der Sporgasse, bezogen hat. Die Wohnung hat ca. 50 m\u00b2, \u201eZimmer, K\u00fcche, Kabinett\u201c, wie Andrea sagt, und w\u00e4re f\u00fcr beide aber auf Dauer zu klein.<\/p>\n<p><strong>Feldgasse und Lieboch \/ 2004 bis 2007<\/strong><br \/>\nSchon als ihr Freund noch in Lieboch bei seinen Eltern wohnte, war sie oft bei ihm. Die Eltern ihres Freundes besa\u00dfen in einer ruhigen Sackgasse ein in den fr\u00fchen 1980er Jahren errichtetes Einfamilienhaus mit Swimmingpool und gro\u00dfem Garten. Ihr Freund bewohnte das ausgebaute Dachgescho\u00df, wo f\u00fcr beide genug Platz war. Besonders im Sommer, w\u00e4hrend der Ferien, verbrachte Andrea dort viel Zeit.<\/p>\n<p><strong>Feldgasse \/ 1989 bis 2004<\/strong><br \/>\n1989, im Alter von drei Jahren, bezog Andrea mit ihren Eltern und ihrer \u00e4lteren Schwester die Wohnung, in der die Familie auch heute noch lebt. Urspr\u00fcnglich waren die H\u00e4user der Siedlung in der Feldgasse f\u00fcr Landesbedienstete gedacht, aber mittlerweile leben dort auch andere MieterInnen. Die neue Wohnung in der Feldgasse war sehr ger\u00e4umig, hatte drei Zimmer und einen Balkon. Damals wohnten viele Familien mit Kindern im Haus und im Hof war \u201eimmer etwas los\u201c. Nach der Matura kauften Andreas Eltern f\u00fcr sie eine kleine Gar\u00e7onni\u00e8re im Norden von Graz. Die Wohnung steht jedoch bis heute leer, weil Andrea sich dort nicht wohl f\u00fchlt und eigentlich gerne bei ihren Eltern wohnt.<\/p>\n<p><strong>Brucknerstra\u00dfe \/ 1985 bis 1989<\/strong><br \/>\nBis zu ihrem dritten Lebensjahr wohnte Andrea mit ihren Eltern und ihrer Schwester in der Brucknerstra\u00dfe in St. Peter. Die Wohnung hatte zwei Zimmer und wurde nach Andreas Geburt f\u00fcr die vierk\u00f6pfige Familie zu klein. Die Eltern bekamen daraufhin als Landesbedienstete eine Landeswohnung in der Feldgasse.<\/p>\n<p><a href=\"http:\/\/www.trafikcity.net\/?page_id=155\">zur\u00fcck zur Trafik\u00a03<\/a> |\u00a0<a href=\"http:\/\/www.trafikcity.net\/?page_id=68\">zur\u00fcck zur \u00dcbersicht<\/a> |\u00a0<a href=\"http:\/\/www.trafikcity.net\/\">Home<\/a><\/p>\n","protected":false},"excerpt":{"rendered":"<p>In der Vorlesungszeit f\u00e4hrt Andrea beinahe t\u00e4glich mit dem Fahrrad von ihrer Wohnung in der Feldgasse \u00fcber ein kurzes St\u00fcck der Vinzenz-Muchitsch-Stra\u00dfe und der Kapellenstra\u00dfe zur stark befahrenen Kreuzung an der Triester Stra\u00dfe, quert diese und setzt ihren Weg \u00fcber die T\u00e4ndelwiese und sp\u00e4ter vorbei am Schlachthof fort. Nach f\u00fcnf Minuten passiert sie den Augarten, [&hellip;]<\/p>\n","protected":false},"author":2,"featured_media":0,"parent":68,"menu_order":0,"comment_status":"open","ping_status":"closed","template":"","meta":[],"_links":{"self":[{"href":"https:\/\/trafikcity.net\/index.php?rest_route=\/wp\/v2\/pages\/70"}],"collection":[{"href":"https:\/\/trafikcity.net\/index.php?rest_route=\/wp\/v2\/pages"}],"about":[{"href":"https:\/\/trafikcity.net\/index.php?rest_route=\/wp\/v2\/types\/page"}],"author":[{"embeddable":true,"href":"https:\/\/trafikcity.net\/index.php?rest_route=\/wp\/v2\/users\/2"}],"replies":[{"embeddable":true,"href":"https:\/\/trafikcity.net\/index.php?rest_route=%2Fwp%2Fv2%2Fcomments&post=70"}],"version-history":[{"count":18,"href":"https:\/\/trafikcity.net\/index.php?rest_route=\/wp\/v2\/pages\/70\/revisions"}],"predecessor-version":[{"id":611,"href":"https:\/\/trafikcity.net\/index.php?rest_route=\/wp\/v2\/pages\/70\/revisions\/611"}],"up":[{"embeddable":true,"href":"https:\/\/trafikcity.net\/index.php?rest_route=\/wp\/v2\/pages\/68"}],"wp:attachment":[{"href":"https:\/\/trafikcity.net\/index.php?rest_route=%2Fwp%2Fv2%2Fmedia&parent=70"}],"curies":[{"name":"wp","href":"https:\/\/api.w.org\/{rel}","templated":true}]}}