{"id":16,"date":"2010-09-22T17:42:23","date_gmt":"2010-09-22T17:42:23","guid":{"rendered":"http:\/\/trafikcity.weblog.mur.at\/?page_id=16"},"modified":"2010-10-01T15:14:15","modified_gmt":"2010-10-01T15:14:15","slug":"impressum","status":"publish","type":"page","link":"https:\/\/trafikcity.net\/?page_id=16","title":{"rendered":"Impressum"},"content":{"rendered":"<p>Verantwortlich gem\u00e4\u00df \u00d6sterreichischem Mediengesetz (MedienG) \u00a7 25:<\/p>\n<p>Michael Hieslmair<br \/>\nHannovergasse 8\/43<br \/>\nA-1200 Wien<br \/>\nmail. hies[at]him.at<br \/>\ntel. +43.699.12358298<\/p>\n<p>S\u00e4mtliche Texte, Grafiken, Fotos, Videos und Tondokumente sind urheberrechtlich gesch\u00fctzt. Urheber ist die in der Quellenangabe genannte Person oder Institution. Wir bem\u00fchen uns um korrekte Kennzeichnung.<\/p>\n<p>Haftung:\u2028 F\u00fcr Inhalte Dritter, auf die mittels direkten oder indirekten Verwiesen (Link) hingewiesen wird, schlie\u00dft der Betreiber jede Haftung aus. Auf die aktuelle und zuk\u00fcnftige Gestaltung, die Inhalte oder die Urheberschaft der gelinkten \/ verkn\u00fcpften Seiten hat der Betreiber keinerlei Einfluss. F\u00fcr illegale fehlerhafte oder unvollst\u00e4ndige Inhalte und insbesondere f\u00fcr Sch\u00e4den, die aus der Nutzung oder Nichtnutzung solcherart dargebotener Information entstehen haftet allein der Anbieter der Seite auf welche verwiesen wurde, nicht derjenige, der \u00fcber Links auf die jeweilige Ver\u00f6ffentlichung lediglich verweist. Haftungsanspr\u00fcche gegen den Betreiber, welche sich auf Sch\u00e4den materieller oder ideeller Art beziehen, die durch die Nutzung oder Nichtnutzung der dargebotenen Information bzw. durch Nutzung fehlerhafter oder unvollst\u00e4ndiger Information verursacht wurden, sind grunds\u00e4tzlich ausgeschlossen.<\/p>\n<p>Sollten Seiten, ohne unsere Kenntnis, ihre Inhalte nach unserer \u00dcberpr\u00fcfung derart \u00e4ndern, dass sie eine &#8222;rechtswidrige T\u00e4tigkeit&#8220; im Sinne von \u00a717 E-Commerce-Gesetz (BGBl. vom 21.12.2001) darstellen, distanzieren wir uns hiermit ausdr\u00fccklich von diesen Inhalten. Diese Erkl\u00e4rung gilt f\u00fcr alle auf unserer Website und deren Unterseiten ausgebrachten Links und f\u00fcr alle Inhalte der Seiten, zu denen Links oder Banner f\u00fchren.<\/p>\n<p><span style=\"font-family: Verdana, Arial, Helvetica, sans-serif;\"><span style=\"font-size: xx-small;\"><br \/>\n<\/span><\/span><\/p>\n","protected":false},"excerpt":{"rendered":"<p>Verantwortlich gem\u00e4\u00df \u00d6sterreichischem Mediengesetz (MedienG) \u00a7 25: Michael Hieslmair Hannovergasse 8\/43 A-1200 Wien mail. hies[at]him.at tel. +43.699.12358298 S\u00e4mtliche Texte, Grafiken, Fotos, Videos und Tondokumente sind urheberrechtlich gesch\u00fctzt. Urheber ist die in der Quellenangabe genannte Person oder Institution. Wir bem\u00fchen uns um korrekte Kennzeichnung. Haftung:\u2028 F\u00fcr Inhalte Dritter, auf die mittels direkten oder indirekten Verwiesen (Link) [&hellip;]<\/p>\n","protected":false},"author":2,"featured_media":0,"parent":0,"menu_order":0,"comment_status":"open","ping_status":"open","template":"","meta":[],"_links":{"self":[{"href":"https:\/\/trafikcity.net\/index.php?rest_route=\/wp\/v2\/pages\/16"}],"collection":[{"href":"https:\/\/trafikcity.net\/index.php?rest_route=\/wp\/v2\/pages"}],"about":[{"href":"https:\/\/trafikcity.net\/index.php?rest_route=\/wp\/v2\/types\/page"}],"author":[{"embeddable":true,"href":"https:\/\/trafikcity.net\/index.php?rest_route=\/wp\/v2\/users\/2"}],"replies":[{"embeddable":true,"href":"https:\/\/trafikcity.net\/index.php?rest_route=%2Fwp%2Fv2%2Fcomments&post=16"}],"version-history":[{"count":9,"href":"https:\/\/trafikcity.net\/index.php?rest_route=\/wp\/v2\/pages\/16\/revisions"}],"predecessor-version":[{"id":19,"href":"https:\/\/trafikcity.net\/index.php?rest_route=\/wp\/v2\/pages\/16\/revisions\/19"}],"wp:attachment":[{"href":"https:\/\/trafikcity.net\/index.php?rest_route=%2Fwp%2Fv2%2Fmedia&parent=16"}],"curies":[{"name":"wp","href":"https:\/\/api.w.org\/{rel}","templated":true}]}}