{"id":153,"date":"2010-10-01T14:12:14","date_gmt":"2010-10-01T14:12:14","guid":{"rendered":"http:\/\/trafikcity.weblog.mur.at\/?page_id=153"},"modified":"2022-05-01T20:25:38","modified_gmt":"2022-05-01T20:25:38","slug":"trafik-2","status":"publish","type":"page","link":"https:\/\/trafikcity.net\/?page_id=153","title":{"rendered":"Trafik 2"},"content":{"rendered":"<p><img loading=\"lazy\" class=\"alignnone size-full wp-image-482\" title=\"tc_standort_2_tafel_480\" src=\"https:\/\/www.trafikcity.net\/wp-content\/uploads\/2010\/10\/tc_standort_2_tafel_480.jpg\" alt=\"\" width=\"480\" height=\"358\" srcset=\"https:\/\/trafikcity.net\/wp-content\/uploads\/2010\/10\/tc_standort_2_tafel_480.jpg 480w, https:\/\/trafikcity.net\/wp-content\/uploads\/2010\/10\/tc_standort_2_tafel_480-300x223.jpg 300w\" sizes=\"(max-width: 480px) 100vw, 480px\" \/><\/p>\n<p><strong>TRAFIK 2<\/strong><\/p>\n<p>Ecke Triesterstra\u00dfe\/ Auf der T\u00e4ndelwiese<br \/>\nHerr und Frau N.<\/p>\n<blockquote><!--[if lt IE 9]><script>document.createElement('audio');<\/script><![endif]-->\n<audio class=\"wp-audio-shortcode\" id=\"audio-153-1\" preload=\"none\" style=\"width: 100%;\" controls=\"controls\"><source type=\"audio\/mpeg\" src=\"https:\/\/trafikcity.net\/wp-content\/uploads\/2013\/06\/trafik_2.mp3?_=1\" \/><a href=\"https:\/\/trafikcity.net\/wp-content\/uploads\/2013\/06\/trafik_2.mp3\">https:\/\/trafikcity.net\/wp-content\/uploads\/2013\/06\/trafik_2.mp3<\/a><\/audio>\n<p>Wie jeden Tag \u00fcbernimmt Frau N. die Fr\u00fchschicht in der Trafik. Am sp\u00e4teren Vormittag erreicht Herr N. mit seinem voll beladenen braun metallis\u00e8 farbenen Hyundai Tucson die Trafik. Er parkt den Wagen direkt neben dem Kiosk. Bereits fr\u00fch morgens war er aus dem Grazer Stadtteil Geidorf losgefahren,\u00a0[&#8230;]<\/p><\/blockquote>\n<p><a href=\"http:\/\/www.trafikcity.net\/?page_id=68\">[zur\u00fcck zur \u00dcbersicht]<\/a><\/p>\n","protected":false},"excerpt":{"rendered":"<p>TRAFIK 2 Ecke Triesterstra\u00dfe\/ Auf der T\u00e4ndelwiese Herr und Frau N. Wie jeden Tag \u00fcbernimmt Frau N. die Fr\u00fchschicht in der Trafik. Am sp\u00e4teren Vormittag erreicht Herr N. mit seinem voll beladenen braun metallis\u00e8 farbenen Hyundai Tucson die Trafik. Er parkt den Wagen direkt neben dem Kiosk. Bereits fr\u00fch morgens war er aus dem Grazer [&hellip;]<\/p>\n","protected":false},"author":2,"featured_media":0,"parent":68,"menu_order":0,"comment_status":"open","ping_status":"open","template":"","meta":[],"_links":{"self":[{"href":"https:\/\/trafikcity.net\/index.php?rest_route=\/wp\/v2\/pages\/153"}],"collection":[{"href":"https:\/\/trafikcity.net\/index.php?rest_route=\/wp\/v2\/pages"}],"about":[{"href":"https:\/\/trafikcity.net\/index.php?rest_route=\/wp\/v2\/types\/page"}],"author":[{"embeddable":true,"href":"https:\/\/trafikcity.net\/index.php?rest_route=\/wp\/v2\/users\/2"}],"replies":[{"embeddable":true,"href":"https:\/\/trafikcity.net\/index.php?rest_route=%2Fwp%2Fv2%2Fcomments&post=153"}],"version-history":[{"count":29,"href":"https:\/\/trafikcity.net\/index.php?rest_route=\/wp\/v2\/pages\/153\/revisions"}],"predecessor-version":[{"id":660,"href":"https:\/\/trafikcity.net\/index.php?rest_route=\/wp\/v2\/pages\/153\/revisions\/660"}],"up":[{"embeddable":true,"href":"https:\/\/trafikcity.net\/index.php?rest_route=\/wp\/v2\/pages\/68"}],"wp:attachment":[{"href":"https:\/\/trafikcity.net\/index.php?rest_route=%2Fwp%2Fv2%2Fmedia&parent=153"}],"curies":[{"name":"wp","href":"https:\/\/api.w.org\/{rel}","templated":true}]}}